d**2 - 128*d - 137. Give y(-1).
-6
Let n(v) = -6*v**2 + 49*v - 141. Give n(6).
-63
Let d(m) = 8*m**2 - 169*m - 4292. Give d(-15).
43
Let h(u) = -1124*u - 4620. Calculate h(-4).
-124
Let p(x) = -x + 65. Give p(-7).
72
Let t(m) = m**2 + 25*m + 2. Determine t(-25).
2
Let k(t) = -34*t**2 - 337*t + 410. Determine k(-11).
3
Let m(y) = -16*y**2 - 83*y + 546. What is m(-9)?
-3
Let o(k) = 5187*k + 41529. Determine o(-8).
33
Let f(x) = -x**3 + 40*x**2 - 1034*x + 38810. Give f(39).
5
Let s(n) = -2*n**3 + 11*n**2 - 11*n + 4. Give s(4).
8
Let t(w) = 42*w**3 - w**2 - 3*w - 2. Give t(-1).
-42
Let x(r) = -2*r**2 + 84*r + 2012. Give x(59).
6
Let j(r) = -r**3 - 14*r**2 + 8*r + 21. Calculate j(-10).
-459
Let z(u) = u**3 - 5*u**2 - 22*u - 41. Determine z(-6).
-305
Let o(b) = b**2 + 1229*b - 17399. What is o(14)?
3
Let b(f) = -17*f + 155. Calculate b(-6).
257
Let g(c) = c**2 + 5*c + 8. Determine g(6).
74
Let h(t) = -19*t - 555. Calculate h(-25).
-80
Let v(m) = -2*m**2 - 208*m + 207. Determine v(1).
-3
Let m(p) = -4*p + 166. Calculate m(44).
-10
Let q(o) = -o**2 + 46*o + 863. Calculate q(-14).
23
Let j(d) = d**3 - 18*d**2 + 4*d - 56. Calculate j(15).
-671
Let r(m) = -2*m**3 - 14*m**2 + 286*m - 59. What is r(-16)?
-27
Let y(h) = -h**3 - 4*h**2 + 16*h + 61. What is y(-3)?
4
Let g(p) = 31*p - 458. Calculate g(22).
224
Let g(k) = -1107*k - 14399. What is g(-13)?
-8
Let h(l) = -124*l**3 + 4*l**2 + 5*l - 10. Calculate h(2).
-976
Let c(f) = f**2 + 68*f + 992. Give c(-47).
5
Let z(n) = 34*n + 2074. What is z(-65)?
-136
Let x(m) = m**3 - 37*m**2 + 153*m - 1. What is x(4)?
83
Let l(v) = 3*v**3 + 3*v**2 - 21*v - 22. What is l(-1)?
-1
Let u(g) = -355*g - 12446. Calculate u(-35).
-21
Let t(v) = 4*v**3 - 3*v**2 + 4*v + 5. Give t(3).
98
Let g(d) = 13*d - 327. Give g(24).
-15
Let x(r) = r**3 + 19*r**2 - 16*r + 47. What is x(-20)?
-33
Let p(q) = -q - 29. Calculate p(10).
-39
Let c(a) = a**3 - 68*a**2 + 122*a + 657. What is c(66)?
-3
Let i(a) = -2*a**2 + 83*a + 620. Calculate i(-7).
-59
Let u(b) = -b**3 - 27*b**2 + b - 17. What is u(0)?
-17
Let v(m) = -7*m**2 - 12*m - 54. Calculate v(-8).
-406
Let y(o) = -111*o + 7507. What is y(68)?
-41
Let h(q) = q**2 - 642*q + 10. Give h(0).
10
Let t(h) = h**3 + 14*h**2 - 123*h + 2. Give t(6).
-16
Let p(s) = s**3 + 75*s**2 - 32*s - 2394. What is p(-75)?
6
Let c(x) = 30*x - 1161. Give c(20).
-561
Let t(b) = b**3 - 72*b**2 - 729*b - 10. Determine t(-9).
-10
Let o(s) = -161*s + 464. What is o(3)?
-19
Let d(a) = -2*a**2 - 38*a + 11. Give d(-17).
79
Let w(v) = -150*v + 1953. Calculate w(13).
3
Let r(l) = -l**3 + 11*l**2 + 56*l + 17. Give r(15).
-43
Let h(y) = y**2 + 22*y + 65. Determine h(-5).
-20
Let d(k) = 107*k + 24. Give d(-1).
-83
Let k(n) = -23*n - 43. Give k(-11).
210
Let n(i) = -i**3 - 5*i**2 + 35*i - 45. Calculate n(0).
-45
Let x(b) = -b**3 - 28*b**2 + 103*b + 2147. Determine x(-29).
1
Let a(w) = 2*w**2 + 39*w + 89. Determine a(-17).
4
Let g(z) = z**3 - 3*z**2 - 10*z - 32. Determine g(6).
16
Let z(c) = 5*c**3 + 118*c**2 + 67*c - 25. What is z(-23)?
21
Let q(r) = 21*r + 1216. Calculate q(-59).
-23
Let v(l) = -l**3 - 64*l**2 + 123*l - 204. What is v(-66)?
390
Let z(g) = -g**2 - 100*g + 827. Determine z(-108).
-37
Let u(w) = 21*w**2 - 215*w - 8. Determine u(10).
-58
Let g(q) = q**3 + 37*q**2 + 297*q + 10996. Determine g(-37).
7
Let f(b) = -b**3 - 35*b**2 + 3*b + 111. Determine f(-35).
6
Let x(h) = h**3 + 11*h**2 + 18*h - 8. Determine x(-9).
-8
Let c(m) = 4*m**2 - 77*m - 79. Determine c(20).
-19
Let u(o) = 193*o + 4256. What is u(-22)?
10
Let c(a) = -8*a**2 - 33*a - 136. Give c(-13).
-1059
Let d(t) = t**3 + 9*t**2 - 79*t - 690. Give d(-8).
6
Let v(g) = 9*g - 897. Give v(101).
12
Let r(i) = 54*i + 7839. Give r(-146).
-45
Let c(j) = 19*j + 103. What is c(-13)?
-144
Let o(r) = -743*r - 5199. Calculate o(-7).
2
Let h(v) = -71*v - 130. Determine h(-8).
438
Let f(b) = b**2 + 15*b - 10. Determine f(-24).
206
Let s(a) = a**3 + a - 2. Give s(-3).
-32
Let b(j) = j**3 - 21*j**2 - 26*j - 114. Give b(22).
-202
Let m(x) = x**3 - 17*x**2 - 86*x + 36. Determine m(21).
-6
Let u(s) = 2*s**3 - 138*s**2 + 134*s + 130. Determine u(68).
-6
Let j(w) = 2*w**2 - 37*w - 185. Calculate j(21).
-80
Let j(b) = -7*b**2 + 27*b - 54. Determine j(2).
-28
Let b(t) = -22*t**2 + 3*t + 40. Determine b(-5).
-525
Let i(a) = -a**3 + 9*a**2 - 12*a + 2. Determine i(2).
6
Let c(g) = 2*g**2 + 143*g + 2464. Calculate c(-45).
79
Let a(i) = i**3 + 4*i**2 - 57*i + 110. What is a(3)?
2
Let q(g) = -418*g**2 - 22572*g - 3. Give q(-54).
-3
Let x(i) = -i**2 - 20*i + 201. What is x(-28)?
-23
Let k(l) = -l**3 - 8*l**2 + 44*l - 41. Give k(6).
-281
Let j(r) = 3*r**2 - 124*r + 162. Determine j(40).
2
Let t(o) = -55*o + 21. Determine t(1).
-34
Let j(d) = d**2 + 62*d - 1424. Calculate j(-80).
16
Let n(q) = q**3 + 119*q**2 + 1652*q + 52. Give n(-16).
-12
Let u(d) = 102*d**2 + 1535*d + 68. Calculate u(-15).
-7
Let k(p) = -p**3 + 92*p**2 + 193*p - 507. Give k(94).
-37
Let f(g) = -g**3 - 51*g**2 - 623*g - 70. What is f(-31)?
23
Let v(m) = m**2 + 82*m + 1502. Calculate v(-30).
-58
Let l(r) = 9*r**2 - 100*r - 113. Determine l(12).
-17
Let b(d) = 64*d + 116. What is b(0)?
116
Let p(l) = -l**2 - 215*l - 2299. Give p(-11).
-55
Let j(v) = -85*v + 965. Calculate j(10).
115
Let f(t) = -t**2 - 15*t + 3. Give f(-3).
39
Let r(s) = s**2 - 78*s - 419. Calculate r(-5).
-4
Let l(w) = 2*w**2 + 57*w - 226. What is l(-32)?
-2
Let m(z) = 122*z**2 + 1624*z + 509. What is m(-13)?
15
Let r(f) = 2*f**3 + 4*f**2 - 32*f + 113. Determine r(6).
497
Let y(p) = -p**3 + 157*p**2 + 6*p - 950. Determine y(157).
-8
Let c(t) = t**3 + 26*t**2 + 39*t - 152. Calculate c(-24).
64
Let m(s) = s**3 - 10*s**2 + 102*s - 900. What is m(9)?
-63
Let j(u) = u**2 - 24*u + 131. What is j(5)?
36
Let d(f) = 14*f. Determine d(12).
168
Let y(l) = -41*l**2 + 26*l - 2. What is y(4)?
-554
Let u(p) = p**3 - 34*p**2 + 69*p - 6. What is u(32)?
154
Let w(y) = y**3 - 73*y**2 - 9. What is w(73)?
-9
Let i(r) = -1191*r - 32161. Calculate i(-27).
-4
Let k(x) = 12*x - 11. Determine k(8).
85
Let j(x) = 4*x**2 + 24*x + 41. Give j(-7).
69
Let u(v) = 2640*v - 10555. Give u(4).
5
Let n(f) = 190*f**2 + 133*f - 3. What is n(-2)?
491
Let p(v) = v**3 + 2*v**2 - 47*v + 155. Give p(3).
59
Let w(l) = -2*l**2 + 2408*l - 38014. What is w(16)?
2
Let s(u) = -23*u**3 - 4*u**2 - 3*u. Determine s(2).
-206
Let f(s) = -4*s + 13. Determine f(0).
13
Let o(f) = -3*f**3 - 25*f**2 + 107*f + 797. What is o(-9)?
-4
Let m(w) = -w**3 - 8*w**2 + 15*w + 137. Give m(-6).
-25
Let c(l) = 4791*l + 19156. Calculate c(-4).
-8
Let g(b) = -63*b - 1635. What is g(-26)?
3
Let m(y) = 792*y + 1633. Give m(-2).
49
Let k(i) = 414*i - 1633. Give k(4).
23
Let v(l) = -33*l + 123. What is v(5)?
-42
Let t(u) = 2*u**2 - 25*u - 120. Calculate t(-6).
102
Let i(u) = -5*u - 48. Give i(19).
-143
Let x(q) = -q - 82. Give x(-67).
-15
Let t(j) = j**3 - 28*j**2 - 2*j + 739. Calculate t(27).
-44
Let z(j) = -153*j - 1526. Give z(-10).
4
Let s(r) = 384*r + 1015. Determine s(-3).
-137
Let c(r) = -5*r**3 + 9*r**2 + 25*r - 50. Give c(2).
-4
Let o(v) = 9*v + 561. Calculate o(-64).
-15
Let k(j) = 28*j - 135. What is k(6)?
33
Let l(o) = -4*o + 21. Determine l(3).
9
Let h(v) = 698*v - 5587. What is h(8)?
-3
Let l(y) = -y**2 - 59*y + 44. Give l(-60).
-16
Let s(c) = 14*c**2 - 710*c - 155. Calculate s(51).
49
Let k(i) = -3555*i + 14220. Calculate k(4).
0
Let o(j) = -j**2 - j - 36. Give o(-8).
-92
Let z(m) = -4*m**2 - 15*m + 3. Calculate z(-5).
-22
Let d(u) = 2*u**2 + 95*u - 949. Calculate d(-56).
3
Let d(r) = -70*r - 1100. Calculate d(-16).
20
Let b(m) = 3*m**3 - 65*m**2 + 95*m - 2572. What is b(22)?
2
Let y(t) = t**3 + 38*t**2 - 24*t - 913. Determine y(-38).
-1
Let f(o) = 131*o**3 + 2*o**2 + 7*o + 5. What is f(-1)?
-131
Let d(j) = -j**3 + 7*j**2 + 95*j + 5. Determine d(14).
-37
Let k(u) = 6*u - 150. What is k(0)?
-150
Let y(c) = -91*c - 3633. Determine y(-42).
189
Let w(i) = -26*i - 15. Determine w(10).
-275
Let o(c) = -35*c**2 + 7382*c + 630. Calculate o(211).
-3
Let k(j) = -21*j - 803. Calculate k(-38).
-5
Let r(q) = q**2 + 451*q - 14947. Determine r(31).
-5
Let m(t) = t**3 - 8*t**2 - 23*t + 176. Calculate m(9).
50
Let x(t) = 75*t - 53. Determine x(3).
172
Let t(j) = -48*j**2 - 1128*j - 574. Calculate t(-23).
-22
Let f(n) = -n**2 - 7*n + 5